 ((-3)/(-6))/(21/(-12) - -2). Let g(x) = -x**2 - 3*x - 1. Let y(f) = 2*f**2 + 7*f + 3. Let r(a) = 10*g(a) + 4*y(a). Give r(t).
-10
Suppose 4*s - 20 = 2*k, 3*s + 2*s - 25 = 3*k. Let y(t) = 11*t + 2 + s*t - 12*t. Give y(-4).
-14
Let c(k) = 40*k - 42*k - 187 + 196. Determine c(7).
-5
Let b = -1 - -5. Suppose 2*d - b = -3*y, y + 0*d = 5*d - 27. Let g(i) = -2*i - 3. Calculate g(y).
1
Let t(w) = 2*w**3 + 6*w**2 + 7*w + 1. Let u be t(-2). Let n(h) = h**3 + 6*h**2 + h - 4. Calculate n(u).
16
Let j(d) = -3*d + d + 4 - 1 - d**3 - 5*d**2 - 4 - 2. Determine j(-4).
-11
Let y be ((-2)/3)/(4/(-6)). Let s be -2*y*(-6)/(-12). Let g(m) = -6*m**3 + m**2 + 2*m + 1. Calculate g(s).
6
Suppose 6*g = 2 - 26. Let a(s) = s. Let w(c) = c - 2. Let o = 8 + -12. Let v(d) = o*a(d) + w(d). Calculate v(g).
10
Suppose -4*s + 13 = -5*p - 20, s - 2*p - 12 = 0. Let m(t) = -2*t - 5*t**s + t**2 + 5*t**2 + 0*t**2 + 2*t**3 - 2. Determine m(-2).
-10
Suppose -5 + 0 = 5*x. Let j(u) = 3*u + 3. Let g be j(x). Let t(o) = -12 + g - 2*o + 16. What is t(6)?
-8
Let d = -17 - -16. Let s(r) be the third derivative of -r**5/12 - 20*r**2. Give s(d).
-5
Let v(t) be the second derivative of -t**3/3 - 9*t**2/2 + 144*t. Let r(k) = -k**3 - 4*k**2 + k + 3. Let g be r(-4). Let a be ((-1 + 0)*-6)/g. What is v(a)?
3
Suppose -4*s = 6 - 26. Suppose -s = 7*f - 2*f. Let z(n) be the first derivative of n**3 + n**2/2 - 1. Calculate z(f).
2
Let u(t) = t**3 + 4*t**2 + 3*t + 1. Let a = -10 - 5. Let m = 18 + a. Let r(y) = y - 6. Let i be r(m). Determine u(i).
1
Let g(n) = -n**3 - n**2 + 2*n - 1. Suppose 0 = 6*s - 10*s. Suppose -4*y = -3*z - 2 + 1, s = -4*y + z - 5. Let v be 3 - (4 - 0) - y. What is g(v)?
-1
Let h(d) = 0*d + 6*d - 12*d + 3. Let i be h(1). Let u(x) = x + 1. Let k(r) = r**2 - 8*r - 7. Let o(f) = -k(f) - 6*u(f). Calculate o(i).
-14
Let d be (16 - 17)/1*(0 + 21). Let r(u) = -2*u - 25. Determine r(d).
17
Let p(i) = 329 + 330 + i**2 - 664 - 8*i. Give p(9).
4
Let j(q) = -7 - 21 + 7 + q - 3*q. Let m be j(-10). Let p(v) = v. What is p(m)?
-1
Let r(b) = -6*b**2 - 5*b + 3. Let l(a) = 5*a**2 + 5*a - 2. Let w(c) = -5*l(c) - 4*r(c). Determine w(-3).
4
Let c = 27 + -23. Let m(i) = c + 7 - 104*i + 103*i. What is m(5)?
6
Let i(h) = 2*h + 9. Let t(r) = 4*r + 5*r - 10*r - 1. Let d(j) = i(j) + 5*t(j). What is d(3)?
-5
Suppose -3*q - 2*i = 6, 0 = 2*q - q + 3*i + 9. Let b(f) = f**2 + f + 8. What is b(q)?
8
Let c(q) = 3*q**3 - 4*q**2 + 5*q - 1. Let d(y) = -16*y**3 + 19*y**2 - 26*y + 4. Let i(m) = 11*c(m) + 2*d(m). Suppose -32 = -4*n - 12. Determine i(n).
-13
Let x(r) = -r**3 - 8*r**2 + 11*r + 10. Let i be x(-9). Let g(z) be the second derivative of -z**3/6 + 39*z. Calculate g(i).
8
Suppose 3*q - 2*m - 25 = 0, 5*q - q - 35 = 3*m. Let b(t) = -2*t + 4*t - 4*t - 1 + 0*t. What is b(q)?
-11
Suppose -3*x + 76*y - 73*y - 12 = 0, -3*x - 14 = -4*y. Let u(n) = 8*n + 11. Give u(x).
-5
Let r(c) = -14*c**3 - c**2 + c - 1. Let j be ((-2)/(-6))/(5/15). What is r(j)?
-15
Let l be -1 - (1 + -2 - 0). Suppose l = 4*t + 2*n + 32, 16 + 2 = -t - 3*n. Let x(r) = -2*r + 1. Determine x(t).
13
Let z(h) = -25*h + 16*h + 3 - 14 + 10*h. Let a(k) = k**3 + 3*k**2 - 6*k - 1. Let w be a(-4). What is z(w)?
-4
Let p(n) = -8*n**2 + n + 1. Suppose -2*a - a = -z - 12, z + 16 = 4*a. Suppose -4 = h - 3*h - 3*g, g = a*h + 6. Give p(h).
-8
Let c(y) = -1 - 747*y**2 + 373*y**2 + 15*y - 1 - 3 + 372*y**2. Give c(7).
2
Suppose 0*h + 28 = -4*h. Let a(p) = p + 13. Let s be a(h). Let k(j) = 0 + 2*j**2 - 6*j + s + 2*j - 5*j**2 + j**3. Calculate k(4).
6
Let o(i) be the first derivative of 1/3*i**3 + 40 + 7*i + 3*i**2. Determine o(-5).
2
Let d(b) be the second derivative of 0 - 1/2*b**3 - 1/10*b**5 + 1/6*b**4 - 30*b + 3/2*b**2. Determine d(2).
-11
Let t(r) = 5*r + 12 - r + 3 - 6*r - 12. Suppose z + 0*z = 2. Give t(z).
-1
Let b = -61 - -56. Let d(s) = -s**3 - 5*s**2 - s + 1. Calculate d(b).
6
Let h(z) = 4*z + 1. Let w(f) = -11*f - 2. Let m(o) = -o**3 + 10*o**2 - 10*o + 6. Let i be m(9). Let r(a) = i*w(a) - 8*h(a). What is r(2)?
0
Let w = 7 + -4. Let b(j) = j**2 - 18 - 2*j + 2 + 14. What is b(w)?
1
Let m(p) be the second derivative of -p**5/20 + p**4/6 + p**3/3 + p**2 + 101*p. Determine m(3).
-1
Let s(l) = -6 + l**2 + 7*l - 2*l**2 + 0. Suppose 5*b = 3*t + 157, b - 8 = -3. Let j = t + 50. Calculate s(j).
0
Let h = -32 + 48. Let c be h/12 + 4/6. Let u(b) = 1 + 1 + 4 - c + b. Give u(7).
11
Suppose -t + 9 = 2*t. Let d(i) = i**3 - 8*i**2 - 3*i + 4. Let l(h) = -2*h**3 + 17*h**2 + 7*h - 8. Let j(k) = -9*d(k) - 4*l(k). Give j(t).
2
Let o(q) = 11*q + 8. Let m(k) = 13*k + 9. Let a(f) = 5*m(f) - 6*o(f). Give a(-6).
3
Let t be (6/(-15))/(4/(-30)). Let z(a) = a**3 - 2*a**2 - 5*a + 4. Determine z(t).
-2
Let k(p) = p**3 - p**2 - p - 1. Let z = 0 - -2. Let d(g) = -g**3 + g. Let t(n) = z*k(n) + d(n). Determine t(3).
4
Suppose -3*f + 1766 = -5*p, -2*f + 0*f - 4*p = -1148. Let s(j) = 4*j**2 + f*j - 585*j + j**3 - j**2. What is s(-3)?
9
Let f(s) be the first derivative of s**4/4 - 5*s**3/3 + 2*s**2 + s + 5. Let l be f(4). Suppose -5*z + l + 4 = 0. Let b(u) = 9*u**2 - u. Determine b(z).
8
Let h(g) = -10*g + 6*g**2 + 7*g - g + 4*g - 2 - g. Determine h(1).
3
Let j(m) = -m - 240 + 711 - 238 - 234. What is j(-9)?
8
Let w(r) = -2*r**3 + 4*r**2 - r + 2. Let j(g) = -g + 20. Let s be j(6). Suppose s = -0*u + 3*u - 5*a, 5*u - 4*a - 19 = 0. What is w(u)?
-19
Let f(a) = -a. Let i(b) = 1 + 6*b + 0 - 2*b. Suppose -25 = -5*x, 33*x - 23 = -3*k + 32*x. Let s(m) = k*f(m) + 3*i(m). What is s(-2)?
-9
Let p(r) = -3*r + 2. Suppose -2*f - 754 + 758 = 0. What is p(f)?
-4
Let p(o) = o**3 + 2*o**2 - 14*o - 3. Let q be (-4 - (-11)/2)*140/(-42). Determine p(q).
-8
Let p(t) = t**3 + t**2. Let q(b) be the third derivative of b**5/12 + b**4/4 - b**3/3 - 22*b**2. Let o(x) = -p(x) - q(x). Determine o(-5).
7
Let y(k) be the third derivative of 0 - 1/2*k**3 - 1/4*k**4 - 25*k**2 + 0*k. Suppose 2*i + 3*i + 10 = 0. Calculate y(i).
9
Let z = 168 - 178. Let d(n) = -n**3 - 9*n**2 + 12*n + 5. Give d(z).
-15
Let z = 47 - 52. Let p(a) be the third derivative of -5/24*a**4 + 1/120*a**6 + 0 + 2*a**2 + 1/15*a**5 + 0*a**3 + 0*a. What is p(z)?
0
Let a(g) = -172*g - 5 + 169*g + 0. Let n(j) = j**3 - 5*j**2 - 7*j - 5. Let s be n(6). Let o = 7 + s. Calculate a(o).
7
Let x(a) be the second derivative of a**4/12 + 7*a**3/6 + a**2 + a. Let f be (0 + -3 - -3)/(-2). Let j = f + -6. Determine x(j).
-4
Let g be -1 + 5 - (11 + -7). Suppose g = 4*p - 6*p - 2. Let d(m) = 7*m**2 + 1. Determine d(p).
8
Let a(o) = 1454 - 730 + 6*o - 728 - 5*o**2 - o**3. Let r(h) = h - 1. Let k be r(-5). Calculate a(k).
-4
Let s(g) be the third derivative of -g**6/120 + 7*g**4/24 - 350*g**2. Determine s(-3).
6
Let w(a) = 6969 + 3*a - a**3 - 8*a - 6978 - 6*a**2. Let n be (-1*2)/(3/9). Give w(n).
21
Let q be -4*((-7)/(-2))/(-7). Let l(a) = 2 + q*a**2 - a - 2*a**3 - 4 + 4. Determine l(2).
-8
Let t(i) = 13 + 17 - 43 + i**2 + 7 + 8*i. Calculate t(-7).
-13
Let g(p) be the first derivative of -p**2 - 7 - 3 - 1 - 3 - 2*p. What is g(-4)?
6
Let t = -11 + 18. Suppose 6*p - 9*p + 9 = 0. Let r = p - t. Let g(k) = k**2 + 6*k + 1. Calculate g(r).
-7
Suppose -3*a + 2*a + 2*u = 5, 3*u + 15 = -3*a. Let s(c) = 10*c**3 - 9*c**3 + 6*c**2 - 8*c + 5 + 11*c. Calculate s(a).
15
Suppose 6 + 0 = 6*c. Let t(a) = -5*a + 14. Let d(z) = -z + 1. Let s(f) = c*t(f) - 4*d(f). Determine s(13).
-3
Let o(u) = -2*u - 8. Suppose -4*i = -5*g + 19, i + 6*g + 11 = g. Determine o(i).
4
Let k(j) be the first derivative of 4 + 9/2*j**2 + 7*j + 1/6*j**3. Let t(g) be the first derivative of k(g). Give t(-5).
4
Let k be (-32)/(-6) - 18/54. Suppose k*m = 13 + 17. Let r(q) be the first derivative of q**2/2 - 5*q - 2. What is r(m)?
1
Let g(i) be the third derivative of i**6/120 - 3*i**5/20 - 5*i**4/12 + i**3/2 + 4*i**2 - 23. Let a = 19 + -9. Determine g(a).
3
Let z(p) = -p**2 + 17*p + 41. Suppose -1 - 60 = -3*j - 2*b, 0 = 2*j + 2*b - 42. Calculate z(j).
3
Let t = 244 - 975/4. Let m(u) be the first derivative of 1/2*u**2 - 1 - t*u**4 - 4/3*u**3 + 4*u. Determine m(-4).
0
Let i(w) = w + 2. Let v be 2/(-12) + (-187)/66. Calculate i(v).
-1
Let s(v) = v**2 - 13*v - 33. Let b be s(15). Let l(c) = -2*c - 6. Determine l(b).
0
Let b(z) = z**2 + 4*z + 4. Let i be b(-8). Let c = i + -33. Let v(g) = 0*g**2 - 2 + 5*g - 1 - 2*g**2. Give v(c